 -2*a(u) + 3*p(u). Give t(-2).
-1
Let z(a) = -9*a + 16. Let p(k) = 5*k - 8. Let m(v) = -7*p(v) - 4*z(v). Let n = -4 + 8. Determine m(n).
-4
Let f(b) be the second derivative of -5*b**3/6 + b**2/2 - b. Let n(g) = 2*g - 6. Let i be n(4). What is f(i)?
-9
Let s(d) = 2*d**2 - d - 2. Let t be s(2). Let f(z) = t*z**2 + 0 - 5*z - 3*z**2 - 1 + 10*z. Calculate f(-5).
-1
Let c(j) be the second derivative of j**5/20 + j**4/12 - 5*j**3/6 - j**2 - 14*j. What is c(-3)?
-5
Let o(d) = -5*d + 1. Let q(w) = -w. Let x(s) = s**3 + 3*s**2 - 2*s - 3. Let c be x(-3). Let k(z) = c*q(z) - o(z). What is k(2)?
3
Let q = -13 + 16. Let a(l) = -5*l + 4. Give a(q).
-11
Let n(x) = x**2 - 2*x - 3. Let k be 51/9 - 2/3. Calculate n(k).
12
Let x = 16 - -2. Suppose 8 = -5*r + x. Let m(h) = -2*h + 4*h**r + h**3 + 2 + 0*h**2 - h**2. What is m(-3)?
8
Let m = 6 + -3. Let s = 20 - 17. Let l(h) = h + h + s + h - 6. Give l(m).
6
Let s(m) = -5*m + 11. Let d(c) = 4*c - 10. Let l(j) = 6*d(j) + 5*s(j). What is l(-6)?
1
Suppose 4*k = 2*k + 2. Let g(n) = 3*n**3 - n**2 - n + 1. Calculate g(k).
2
Let r(l) = 162*l**2 - 158*l**2 - 2*l + l. Suppose -4*v - j + 6*j = 11, 3 = j. Calculate r(v).
3
Let c(m) = m + 1. Let n be 0 - -1 - (1 - -3). Let g be (-1)/n - 92/(-12). Let x = g + -4. Calculate c(x).
5
Let a be (-1)/4 - 50/(-8). Let t(i) = i - 9 - i**2 + 6*i + 0*i. Calculate t(a).
-3
Let w(f) be the third derivative of f**6/120 + f**5/10 - f**4/12 - f**3/2 + 30*f**2 - 1. Let h = 15 - 21. What is w(h)?
9
Let i(z) = -5*z**3 + 4*z**2 - 6*z - 6. Let j(t) = -14*t**3 + 13*t**2 - 18*t - 19. Let c(s) = 11*i(s) - 4*j(s). Calculate c(7).
3
Let c(n) = 2*n**3 - n + 1. Let x = 26 - 25. Give c(x).
2
Let k(w) = 2 + 0*w - w**2 - 5*w + 0*w. Let t be k(-5). Let z(m) = -5*m**3 - 20*m + 1. Let c(h) = 2*h**3 + 7*h. Let n(o) = -8*c(o) - 3*z(o). What is n(t)?
-3
Let f(y) = -y**3 - 2. Let w be f(0). Let s(b) be the first derivative of -b**4/4 - 2*b**3/3 + b**2/2 + 2. Calculate s(w).
-2
Let o(t) = -5*t - 2*t - t**2 - t - 7 + t. Let i = 4 + -1. Let j = -3 - i. Determine o(j).
-1
Let q(v) = -14*v - 8. Let y(c) = 2*c + 1. Let p(x) = x**2 - 5*x + 6. Let d be p(5). Let u(m) = d*q(m) + 44*y(m). Calculate u(3).
8
Let d(f) = -f**3 - 7*f**2 - 3*f - 15. Let p be d(-7). Let c(h) = -2*h + 1. Give c(p).
-11
Let t(r) be the third derivative of -r**4/24 - 2*r**3 - 4*r**2. Determine t(0).
-12
Let s(z) = -z + 19. Let r be s(26). Let c(l) = -3*l. Give c(r).
21
Let v(p) = -p**2 + 7*p - 7. Let j(u) = -u**2 + 7*u - 6. Let t(h) = -7*j(h) + 6*v(h). Calculate t(7).
0
Suppose 0 = -s - 3*b + 1 + 10, 4*s + 5*b = 23. Let n(z) = -6*z - 3*z**s + z**2 - 6 + 3*z**2. Calculate n(6).
-6
Let h(c) = 2*c + 1. Let q be -2 - (3 + -14 - -4). What is h(q)?
11
Let i(r) = -3*r. Let c be ((-2)/(5 + -13))/(2/8). Determine i(c).
-3
Let w be (27/6 + -2)*-2. Let n = w + -1. Let c(i) = 2*i + 8. Calculate c(n).
-4
Let r(a) = a**2 - a - 2. Let c be 3*((-1)/3 + (-2)/6). Give r(c).
4
Let h(o) = o**3 + 6*o**2 + 6*o - 3. Let f = 30 - 35. Calculate h(f).
-8
Let x(r) = -3*r + 3 + 5 - 3 + 2. Calculate x(6).
-11
Let c(m) be the second derivative of -m**7/120 + m**6/360 + m**5/60 + m**4/24 + m**3/2 - 2*m. Let t(y) be the second derivative of c(y). Determine t(-1).
7
Let b = 2 + 1. Let c(p) be the first derivative of -p**6/120 + p**5/20 + p**3/3 - 3*p**2/2 + 6. Let z(j) be the second derivative of c(j). What is z(b)?
2
Let x(r) be the second derivative of 0 + 0*r**2 + 2*r - 1/6*r**3. Determine x(5).
-5
Let p(r) = 2*r - 6. Let i(d) = d - 5. Let b(q) = -5*i(q) + 4*p(q). Let w be 15/9 - 6/9. What is b(w)?
4
Let t = 1 + 5. Let u(b) = -b**3 + 7*b**2 - 6*b - 4. Give u(t).
-4
Let n(u) = u**2 + 5*u - 1. Let h be n(-6). Let q = h - 10. Let t(y) = -1 - 3*y + 4*y + 7 + 0. Give t(q).
1
Let s(x) be the first derivative of -3/2*x**2 + 1 - 2*x + 1/3*x**3. Let q be (-3)/(-2)*(-20)/(-6). What is s(q)?
8
Let t(n) = -n + 3. Let q be t(7). Let c(s) be the first derivative of 6*s**2 - 2 - 7*s**2 + 0*s**2 - 6*s. Calculate c(q).
2
Let f = -1 + 4. Let n(m) = -m**2 - 4*m + 1. Let w(s) = s**2 + s - 1. Let h(g) = f*w(g) + n(g). Determine h(-2).
8
Suppose 0 = 5*u - 2*j + 5, -6*u = -u + 2*j + 25. Let n(h) = h**3 + 3*h**2 + h. Calculate n(u).
-3
Suppose -7 = -2*g + 3. Suppose -2*q - 3*o - 21 = 0, -g = 3*q - o - 1. Let w(p) = -p**2 - 3*p + 1. Determine w(q).
1
Let l(j) = -j**3 + 5*j**2 + 5*j + 4. Let o(c) = -c**2 - 8*c - 1. Let n be o(-8). Let q be -2*-1*n/(-1). Suppose 3*p = -s + 5 + 10, -q*s - 4*p = -24. Give l(s).
-2
Let z(q) = q - 2. Let f be (2/(-6))/((-5)/(-105)). Let y = 9 + f. Give z(y).
0
Let w(r) = -r**3 - 7*r**2 - 6. Let i be w(-7). Let h(x) = -2*x - 6. Calculate h(i).
6
Let d(w) = -2*w + 4. Let g be d(6). Let s = g + 5. Let h(v) = -v**3 + 5*v + 3 - v**2 + 0*v + 0*v**2 + 0. Calculate h(s).
6
Let l(h) be the third derivative of h**5/60 + h**4/6 - h**3/2 - h**2. Let v(n) = 6*n**3 - 2*n**2 + 1. Let j be v(-1). Let q be (-2)/7 + 33/j. What is l(q)?
2
Let t be (1 + -4 - 8)*-1. Let p(y) = y - 16. Let w be p(t). Let n(l) = -3*l - 7. Give n(w).
8
Let l(v) be the third derivative of -v**4/24 - 3*v**3/2 + 27*v**2. Calculate l(-8).
-1
Let m(z) be the second derivative of 5*z**3/6 + z**2/2 + 5*z. Calculate m(-1).
-4
Let k(p) = -p**3 - 4*p**2 - 4*p - 3. Suppose -3*g + 2*h = -1, 3*g + 3*h = -g - 27. Give k(g).
0
Let x(m) = -2*m - 4. Suppose -36 = -0*d + 12*d. Give x(d).
2
Let g(z) = z**2 - 5*z + 4. Let o(l) = -l - 2. Let n be o(4). Let t = -3 - n. Calculate g(t).
-2
Let d(z) = 5*z**2 - 2*z - 1. Let g(w) = -21*w**2 + 9*w + 5. Let s(c) = 9*d(c) + 2*g(c). What is s(1)?
4
Let q = 0 - 5. Let k be (-2)/q + (-4)/10. Let y(v) be the third derivative of -v**5/60 + v**4/24 + 7*v**3/6 + 12*v**2. Calculate y(k).
7
Let j(k) = -1 - 2*k + 4*k + k - 2. What is j(3)?
6
Let i(w) = 15*w. Let p(b) be the second derivative of -7*b**3/6 - 2*b. Let t(d) = 2*i(d) + 5*p(d). What is t(-1)?
5
Let y(d) = -5*d**2 + 9*d**2 - 3*d**2 + d - 5. Determine y(0).
-5
Let q(d) = 7*d + 6. Let o(g) = g + 1. Let n(r) = -5*o(r) + q(r). Let i = -8 + 5. Let s be (8/3 - 2)*i. Calculate n(s).
-3
Let d(p) = -p - 1. Let u(b) = -b + 12. Let w be u(5). Let n = w - 3. What is d(n)?
-5
Let x(v) = v**2 - 2*v + 1. Let j be x(2). Let o be (-24)/(-4)*j/3. Let z(m) = m**2 - 3*m - 4*m**2 - m + o*m**2 + 5. What is z(-4)?
5
Suppose 5*j = -4*g - 16 + 43, -4*g + 4*j = 0. Let p(k) = 2*k**3 - k**2 - 3*k - 4. Let r(u) = u**3 - u**2 - u - 1. Let m(t) = -p(t) + 3*r(t). Calculate m(g).
10
Let w be 328/(-24) + 1/(-3). Let o = -20 - w. Let r(c) = c**3 + 7*c**2 + 6*c - 1. Calculate r(o).
-1
Let a(k) = -5*k**2 - 1. Suppose -5*m - 4*t - 36 = 14, 3*t + 39 = -4*m. Let d be (-8)/12 + (-28)/m. Suppose -l + d = 3*l. Give a(l).
-6
Let h = 1/96 - -1/32. Let v(i) be the third derivative of -i**2 - 2/3*i**3 - h*i**4 + 0 + 0*i. What is v(0)?
-4
Let f(z) = 5*z**2 - 1. Let w = 13 - 13. Suppose -2*l = 2*u - u - 3, -3*u - 3*l + 6 = w. What is f(u)?
4
Let o(n) be the second derivative of -5*n**3/6 - 4*n**2 - 22*n. Determine o(-6).
22
Let p = 5 + -7. Let d(n) = 7*n + 6. Let z(h) = 0 - h + 4*h + 3. Let a(u) = -2*d(u) + 5*z(u). What is a(p)?
1
Let p(f) = -f**3 + 6*f**2 + 2*f. Let k(y) = -y**3 + 6*y**2 + 3*y - 1. Let q(c) = -3*k(c) + 4*p(c). What is q(6)?
-3
Let a(m) = m**2 - 9*m - 2*m**2 - 5 - 2*m + 4*m. Let w = -10 - -5. What is a(w)?
5
Let o(t) be the third derivative of -t**6/120 - 2*t**5/15 - t**4/3 + t**3/6 - 3*t**2. Give o(-7).
8
Let f(m) be the second derivative of m**5/20 - m**4/12 + m**2/2 + m. Let i be 30/25 - 1/5. Suppose i = -2*d + u, 3*d - 6*u = -2*u - 9. Determine f(d).
1
Let l(r) = -7*r**3 + 4*r**2 - 3*r - 4. Let t(x) = x**2 - x - 1. Let p(s) = -l(s) + 4*t(s). Give p(-1).
-6
Let h(i) = -4*i**3 - 10*i**2 - 4*i + 4. Let r(o) = -5*o**3 - 11*o**2 - 3*o + 5. Let a(l) = 4*h(l) - 3*r(l). Calculate a(-6).
7
Suppose -4*x + 8*x - 12 = 0. Suppose 0 = c - x*u + 10, -5*c - u + 30 = -0*u. Let a(s) = -4 + c + 6*s - 3*s. Determine a(1).
4
Suppose -4*d + 0*a + 10 = -2*a, -d - a = -4. Let i(s) = 3*s - 3. Determine i(d).
6
Let r = 53 - 52. Let a(p) = 10*p**2 + 2*p - 1. Calculate a(r).
11
Let f(u) = 5*u - 7. Let x be f(2). Let h(n) = 4 + 3*n - x + n + 0*n. What is h(-2)?
-7
Let g be (1 + 3)*10/8. Suppose -5*n + 2 = 2*z, -1 = -n + z + g. Let q(y) = -3*y**2 + n*y**3 - y - 3*y**3 - 3 + y**3 - y**3. Calculate q(